ided by 3650.
25
Calculate the remainder when 13800 is divided by 6889.
22
What is the remainder when 59348 is divided by 73?
72
What is the remainder when 2923 is divided by 494?
453
What is the remainder when 1717 is divided by 646?
425
What is the remainder when 4893 is divided by 974?
23
What is the remainder when 17158 is divided by 133?
1
Calculate the remainder when 1286 is divided by 76.
70
What is the remainder when 4778562 is divided by 239?
235
What is the remainder when 1727 is divided by 222?
173
What is the remainder when 97177 is divided by 1738?
1587
What is the remainder when 118816 is divided by 19779?
142
Calculate the remainder when 3933 is divided by 302.
7
Calculate the remainder when 46648 is divided by 181.
131
Calculate the remainder when 1796 is divided by 115.
71
What is the remainder when 9079 is divided by 1511?
13
What is the remainder when 86395 is divided by 61?
19
Calculate the remainder when 55659 is divided by 7.
2
Calculate the remainder when 7587 is divided by 2526.
9
What is the remainder when 146718 is divided by 32?
30
Calculate the remainder when 1407 is divided by 59.
50
What is the remainder when 164744 is divided by 1152?
8
What is the remainder when 101132 is divided by 153?
152
What is the remainder when 27365 is divided by 194?
11
Calculate the remainder when 242 is divided by 165.
77
What is the remainder when 1341 is divided by 220?
21
Calculate the remainder when 13282 is divided by 266.
248
Calculate the remainder when 32543 is divided by 36.
35
Calculate the remainder when 6832 is divided by 755.
37
Calculate the remainder when 22485 is divided by 1234.
273
Calculate the remainder when 1221147 is divided by 46967.
5
What is the remainder when 8766 is divided by 337?
4
Calculate the remainder when 12362 is divided by 109.
45
What is the remainder when 2262 is divided by 53?
36
Calculate the remainder when 1991 is divided by 303.
173
Calculate the remainder when 16356 is divided by 34.
2
What is the remainder when 42608 is divided by 1039?
9
Calculate the remainder when 69308 is divided by 31.
23
What is the remainder when 18350 is divided by 321?
53
Calculate the remainder when 9391 is divided by 224.
207
Calculate the remainder when 4266 is divided by 1391.
93
What is the remainder when 5041 is divided by 1677?
10
Calculate the remainder when 7471 is divided by 115.
111
Calculate the remainder when 12782 is divided by 4151.
329
Calculate the remainder when 29809 is divided by 19.
17
Calculate the remainder when 9537 is divided by 605.
462
What is the remainder when 148737 is divided by 245?
22
Calculate the remainder when 6314596 is divided by 183.
181
What is the remainder when 68299 is divided by 94?
55
What is the remainder when 120354 is divided by 1065?
9
What is the remainder when 2304833 is divided by 17?
7
Calculate the remainder when 86332 is divided by 76.
72
What is the remainder when 8585 is divided by 179?
172
What is the remainder when 3106 is divided by 12?
10
Calculate the remainder when 1606 is divided by 919.
687
Calculate the remainder when 715827 is divided by 178954.
11
Calculate the remainder when 8234 is divided by 118.
92
What is the remainder when 138890 is divided by 216?
2
Calculate the remainder when 37107 is divided by 18536.
35
Calculate the remainder when 1259 is divided by 555.
149
What is the remainder when 595 is divided by 62?
37
What is the remainder when 12980 is divided by 742?
366
What is the remainder when 2376924 is divided by 203?
200
Calculate the remainder when 1081 is divided by 634.
447
What is the remainder when 87155 is divided by 29049?
8
Calculate the remainder when 431647 is divided by 2803.
2788
Calculate the remainder when 228279 is divided by 130.
129
Calculate the remainder when 10952 is divided by 450.
152
Calculate the remainder when 4151 is divided by 67.
64
Calculate the remainder when 39124 is divided by 2299.
41
What is the remainder when 8780 is divided by 189?
86
Calculate the remainder when 1533 is divided by 1491.
42
What is the remainder when 31778 is divided by 17?
5
What is the remainder when 1865 is divided by 1827?
38
Calculate the remainder when 842460 is divided by 2449.
4
What is the remainder when 425635 is divided by 194?
193
Calculate the remainder when 2501 is divided by 1094.
313
What is the remainder when 111173 is divided by 66?
29
What is the remainder when 19133 is divided by 222?
41
What is the remainder when 121436 is divided by 139?
89
What is the remainder when 1008 is divided by 908?
100
Calculate the remainder when 100382 is divided by 7159.
156
What is the remainder when 125321 is divided by 4177?
11
What is the remainder when 4860 is divided by 410?
350
Calculate the remainder when 18663 is divided by 4661.
19
Calculate the remainder when 8388 is divided by 15.
3
What is the remainder when 16711 is divided by 619?
617
What is the remainder when 9845 is divided by 41?
5
Calculate the remainder when 418 is divided by 132.
22
What is the remainder when 1707 is divided by 561?
24
Calculate the remainder when 474 is divided by 124.
102
Calculate the remainder when 14431 is divided by 1198.
55
What is the remainder when 751 is divided by 67?
14
Calculate the remainder when 445317 is divided by 445275.
42
Calculate the remainder when 637093 is divided by 49.
44
Calculate the remainder when 16383 is divided by 5454.
21
What is the remainder when 6090 is divided by 3033?
24
Calculate the remainder when 12200 is divided by 1006.
128
Calculate the remainder when 1843 is divided by 694.
455
What is the remainder when 20742 is divided by 494?
488
What is the remainder when 15202 is divided by 483?
229
Calculate the remainder when 46053 is divided by 46024.
29
What is the remainder when 10894 is divided by 31?
13
What is the remainder when 4590 is divided by 59?
47
What is the remainder when 59068 is divided by 167?
117
What is the remainder when 7773 is divided by 157?
80
What is the remainder when 73624 is divided by 8?
0
What is the remainder when 6739 is divided by 489?
382
What is the remainder when 9207 is divided by 1?
0
Calculate the remainder when 1263 is divided by 99.
75
What is the remainder when 266939 is divided by 133464?
11
Calculate the remainder when 2040382 is divided by 32.
30
What is the remainder when 24405 is divided by 54?
51
Calculate the remainder when 3839 is divided by 3837.
2
What is the remainder when 285661 is divided by 904?
901
Calculate the remainder when 641881 is divided by 128373.
16
Calculate the remainder when 34741 is divided by 86.
83
Calculate the remainder when 1846 is divided by 3.
1
What is the remainder when 105748 is divided by 22?
16
Calculate the remainder when 1188 is divided by 391.
15
What is the remainder when 155667 is divided by 31132?
7
Calculate the remainder when 41680 is divided by 42.
16
What is the remainder when 198981 is divided by 175?
6
What is the remainder when 2229 is divided by 346?
153
What is the remainder when 4676 is divided by 1557?
5
What is the remainder when 116311 is divided by 517?
503
Calculate the remainder when 13055 is divided by 1697.
1176
What is the remainder when 415766 is divided by 10?
6
Calculate the remainder when 3310 is divided by 1643.
24
What is the remainder when 522 is divided by 415?
107
What is the remainder when 52447 is divided by 13101?
43
Calculate the remainder when 47479 is divided by 5934.
7
Calculate the remainder when 17461 is divided by 565.
511
What is the remainder when 1762 is divided by 202?
146
What is the remainder when 36630 is divided by 305?
30
What is the remainder when 538357 is divided by 11703?
19
What is the remainder when 13495 is divided by 33?
31
What is the remainder when 8659 is divided by 4309?
41
What is the remainder when 56399 is divided by 40?
39
Calculate the remainder when 8758 is divided by 461.
460
Calculate the remainder when 5477 is divided by 216.
77
Calculate the remainder when 6011 is divided by 1497.
23
Calculate the remainder when 6458 is divided by 813.
767
What is the remainder when 311052 is divided by 73?
72
Calculate the remainder when 180 is divided by 20.
0
What is the remainder when 86802 is divided by 4822?
6
What is the remainder when 76263 is divided by 502?
46